{"id":270,"date":"2025-11-26T16:05:48","date_gmt":"2025-11-26T16:05:48","guid":{"rendered":"https:\/\/serbrip.cl\/?page_id=270"},"modified":"2025-11-26T16:31:15","modified_gmt":"2025-11-26T16:31:15","slug":"distribucion","status":"publish","type":"page","link":"https:\/\/serbrip.cl\/index.php\/distribucion\/","title":{"rendered":"Distribuci\u00f3n"},"content":{"rendered":"<div class=\"wp-block-image\">\n<figure class=\"alignleft size-full\"><img loading=\"lazy\" decoding=\"async\" width=\"387\" height=\"567\" src=\"https:\/\/serbrip.cl\/wp-content\/uploads\/2025\/11\/Distribucion-1.png\" alt=\"\" class=\"wp-image-228\" style=\"aspect-ratio:4\/3;object-fit:contain\" srcset=\"https:\/\/serbrip.cl\/wp-content\/uploads\/2025\/11\/Distribucion-1.png 387w, https:\/\/serbrip.cl\/wp-content\/uploads\/2025\/11\/Distribucion-1-205x300.png 205w\" sizes=\"auto, (max-width: 387px) 100vw, 387px\" \/><\/figure>\n<\/div>\n\n\n<p>Esta \u00e1rea mantiene un <strong>contrato integral a largo plazo con CGE Distribuci\u00f3n<\/strong>, abarcando mantenimiento de<strong> redes<\/strong><strong> <\/strong><strong>BT y MT<\/strong>, atenci\u00f3n de emergencias en distribuci\u00f3n, adem\u00e1s de construcci\u00f3n y mantenimiento de instalaciones industriales de diferentes \u00e1mbitos. Para ello, cuenta con un equipo administrativo, ingenieros y expertos altamente capacitados en el dise\u00f1o, planificaci\u00f3n y ejecuci\u00f3n de obras.<\/p>\n\n\n\n<p>La operaci\u00f3n dispone de 8 brigadas pesadas y 1 brigada especializada en trabajos con t\u00e9cnicas de l\u00ednea energizada, contando con 9 camiones pluma certificados para alto tonelaje y 9 veh\u00edculos livianos, todos equipados con implementos diel\u00e9ctricos y herramientas para un servicio seguro y eficiente. Cada brigada est\u00e1 integrada por cinco operadores certificados y con amplia experiencia en distribuci\u00f3n.<\/p>\n\n\n\n<p>La planificacion de obra realizada por nuestro personal por cada faena de manera previa, ha sido fundamental en poder asegurar la ejecuci\u00f3n de ellas de manera segura, organizada y de calidad, cumpliendo la excelencia en cada proyecto.<\/p>\n\n\n\n<p>En emergencias, Serbrip trabaja con brigadas de permanencia semanales en turnos 24\/7, <strong>atendiendo de forma inmediata los requerimientos asignados asociados al mantenimiento y operaci\u00f3n en redes de distribuci\u00f3n.<\/strong><\/p>\n\n\n\n<p>Adem\u00e1s, Serbrip, ofrece soluciones integrales en apoyo en proyectos de energ\u00edas renovables, mantenimiento de parques fotovoltaicos en sus v\u00edas de evacuaci\u00f3n, construcci\u00f3n y mantenci\u00f3n de alimentadores (a\u00e9reos y subterr\u00e1neos), obras civiles, <strong>trabajos en instalaciones industriales de diversos rubros, entre otros.<\/strong><\/p>\n","protected":false},"excerpt":{"rendered":"<p>Esta \u00e1rea mantiene un contrato integral a largo plazo con CGE Distribuci\u00f3n, abarcando mantenimiento de redes BT y MT, atenci\u00f3n de emergencias en distribuci\u00f3n, adem\u00e1s de construcci\u00f3n y mantenimiento de instalaciones industriales de diferentes \u00e1mbitos. Para ello, cuenta con un equipo administrativo, ingenieros y expertos altamente capacitados en el dise\u00f1o, planificaci\u00f3n y ejecuci\u00f3n de obras. [&hellip;]<\/p>\n","protected":false},"author":1,"featured_media":0,"parent":0,"menu_order":0,"comment_status":"closed","ping_status":"closed","template":"","meta":{"vkexunit_cta_each_option":"","footnotes":""},"class_list":["post-270","page","type-page","status-publish","hentry"],"yoast_head":"<!-- This site is optimized with the Yoast SEO plugin v27.4 - https:\/\/yoast.com\/product\/yoast-seo-wordpress\/ -->\n<title>Distribuci\u00f3n - Serbrip<\/title>\n<meta name=\"robots\" content=\"index, follow, max-snippet:-1, max-image-preview:large, max-video-preview:-1\" \/>\n<link rel=\"canonical\" href=\"https:\/\/serbrip.cl\/index.php\/distribucion\/\" \/>\n<meta property=\"og:locale\" content=\"es_ES\" \/>\n<meta property=\"og:type\" content=\"article\" \/>\n<meta property=\"og:title\" content=\"Distribuci\u00f3n - Serbrip\" \/>\n<meta property=\"og:description\" content=\"Esta \u00e1rea mantiene un contrato integral a largo plazo con CGE Distribuci\u00f3n, abarcando mantenimiento de redes BT y MT, atenci\u00f3n de emergencias en distribuci\u00f3n, adem\u00e1s de construcci\u00f3n y mantenimiento de instalaciones industriales de diferentes \u00e1mbitos. Para ello, cuenta con un equipo administrativo, ingenieros y expertos altamente capacitados en el dise\u00f1o, planificaci\u00f3n y ejecuci\u00f3n de obras. [&hellip;]\" \/>\n<meta property=\"og:url\" content=\"https:\/\/serbrip.cl\/index.php\/distribucion\/\" \/>\n<meta property=\"og:site_name\" content=\"Serbrip\" \/>\n<meta property=\"article:modified_time\" content=\"2025-11-26T16:31:15+00:00\" \/>\n<meta property=\"og:image\" content=\"https:\/\/serbrip.cl\/wp-content\/uploads\/2025\/11\/Distribucion-1.png\" \/>\n\t<meta property=\"og:image:width\" content=\"387\" \/>\n\t<meta property=\"og:image:height\" content=\"567\" \/>\n\t<meta property=\"og:image:type\" content=\"image\/png\" \/>\n<meta name=\"twitter:card\" content=\"summary_large_image\" \/>\n<meta name=\"twitter:label1\" content=\"Tiempo de lectura\" \/>\n\t<meta name=\"twitter:data1\" content=\"2 minutos\" \/>\n<script type=\"application\/ld+json\" class=\"yoast-schema-graph\">{\"@context\":\"https:\\\/\\\/schema.org\",\"@graph\":[{\"@type\":\"WebPage\",\"@id\":\"https:\\\/\\\/serbrip.cl\\\/index.php\\\/distribucion\\\/\",\"url\":\"https:\\\/\\\/serbrip.cl\\\/index.php\\\/distribucion\\\/\",\"name\":\"Distribuci\u00f3n - Serbrip\",\"isPartOf\":{\"@id\":\"https:\\\/\\\/serbrip.cl\\\/#website\"},\"primaryImageOfPage\":{\"@id\":\"https:\\\/\\\/serbrip.cl\\\/index.php\\\/distribucion\\\/#primaryimage\"},\"image\":{\"@id\":\"https:\\\/\\\/serbrip.cl\\\/index.php\\\/distribucion\\\/#primaryimage\"},\"thumbnailUrl\":\"https:\\\/\\\/serbrip.cl\\\/wp-content\\\/uploads\\\/2025\\\/11\\\/Distribucion-1.png\",\"datePublished\":\"2025-11-26T16:05:48+00:00\",\"dateModified\":\"2025-11-26T16:31:15+00:00\",\"breadcrumb\":{\"@id\":\"https:\\\/\\\/serbrip.cl\\\/index.php\\\/distribucion\\\/#breadcrumb\"},\"inLanguage\":\"es\",\"potentialAction\":[{\"@type\":\"ReadAction\",\"target\":[\"https:\\\/\\\/serbrip.cl\\\/index.php\\\/distribucion\\\/\"]}]},{\"@type\":\"ImageObject\",\"inLanguage\":\"es\",\"@id\":\"https:\\\/\\\/serbrip.cl\\\/index.php\\\/distribucion\\\/#primaryimage\",\"url\":\"https:\\\/\\\/serbrip.cl\\\/wp-content\\\/uploads\\\/2025\\\/11\\\/Distribucion-1.png\",\"contentUrl\":\"https:\\\/\\\/serbrip.cl\\\/wp-content\\\/uploads\\\/2025\\\/11\\\/Distribucion-1.png\",\"width\":387,\"height\":567},{\"@type\":\"BreadcrumbList\",\"@id\":\"https:\\\/\\\/serbrip.cl\\\/index.php\\\/distribucion\\\/#breadcrumb\",\"itemListElement\":[{\"@type\":\"ListItem\",\"position\":1,\"name\":\"Portada\",\"item\":\"https:\\\/\\\/serbrip.cl\\\/\"},{\"@type\":\"ListItem\",\"position\":2,\"name\":\"Distribuci\u00f3n\"}]},{\"@type\":\"WebSite\",\"@id\":\"https:\\\/\\\/serbrip.cl\\\/#website\",\"url\":\"https:\\\/\\\/serbrip.cl\\\/\",\"name\":\"Serbrip\",\"description\":\"\",\"potentialAction\":[{\"@type\":\"SearchAction\",\"target\":{\"@type\":\"EntryPoint\",\"urlTemplate\":\"https:\\\/\\\/serbrip.cl\\\/?s={search_term_string}\"},\"query-input\":{\"@type\":\"PropertyValueSpecification\",\"valueRequired\":true,\"valueName\":\"search_term_string\"}}],\"inLanguage\":\"es\"}]}<\/script>\n<!-- \/ Yoast SEO plugin. -->","yoast_head_json":{"title":"Distribuci\u00f3n - Serbrip","robots":{"index":"index","follow":"follow","max-snippet":"max-snippet:-1","max-image-preview":"max-image-preview:large","max-video-preview":"max-video-preview:-1"},"canonical":"https:\/\/serbrip.cl\/index.php\/distribucion\/","og_locale":"es_ES","og_type":"article","og_title":"Distribuci\u00f3n - Serbrip","og_description":"Esta \u00e1rea mantiene un contrato integral a largo plazo con CGE Distribuci\u00f3n, abarcando mantenimiento de redes BT y MT, atenci\u00f3n de emergencias en distribuci\u00f3n, adem\u00e1s de construcci\u00f3n y mantenimiento de instalaciones industriales de diferentes \u00e1mbitos. Para ello, cuenta con un equipo administrativo, ingenieros y expertos altamente capacitados en el dise\u00f1o, planificaci\u00f3n y ejecuci\u00f3n de obras. [&hellip;]","og_url":"https:\/\/serbrip.cl\/index.php\/distribucion\/","og_site_name":"Serbrip","article_modified_time":"2025-11-26T16:31:15+00:00","og_image":[{"width":387,"height":567,"url":"https:\/\/serbrip.cl\/wp-content\/uploads\/2025\/11\/Distribucion-1.png","type":"image\/png"}],"twitter_card":"summary_large_image","twitter_misc":{"Tiempo de lectura":"2 minutos"},"schema":{"@context":"https:\/\/schema.org","@graph":[{"@type":"WebPage","@id":"https:\/\/serbrip.cl\/index.php\/distribucion\/","url":"https:\/\/serbrip.cl\/index.php\/distribucion\/","name":"Distribuci\u00f3n - Serbrip","isPartOf":{"@id":"https:\/\/serbrip.cl\/#website"},"primaryImageOfPage":{"@id":"https:\/\/serbrip.cl\/index.php\/distribucion\/#primaryimage"},"image":{"@id":"https:\/\/serbrip.cl\/index.php\/distribucion\/#primaryimage"},"thumbnailUrl":"https:\/\/serbrip.cl\/wp-content\/uploads\/2025\/11\/Distribucion-1.png","datePublished":"2025-11-26T16:05:48+00:00","dateModified":"2025-11-26T16:31:15+00:00","breadcrumb":{"@id":"https:\/\/serbrip.cl\/index.php\/distribucion\/#breadcrumb"},"inLanguage":"es","potentialAction":[{"@type":"ReadAction","target":["https:\/\/serbrip.cl\/index.php\/distribucion\/"]}]},{"@type":"ImageObject","inLanguage":"es","@id":"https:\/\/serbrip.cl\/index.php\/distribucion\/#primaryimage","url":"https:\/\/serbrip.cl\/wp-content\/uploads\/2025\/11\/Distribucion-1.png","contentUrl":"https:\/\/serbrip.cl\/wp-content\/uploads\/2025\/11\/Distribucion-1.png","width":387,"height":567},{"@type":"BreadcrumbList","@id":"https:\/\/serbrip.cl\/index.php\/distribucion\/#breadcrumb","itemListElement":[{"@type":"ListItem","position":1,"name":"Portada","item":"https:\/\/serbrip.cl\/"},{"@type":"ListItem","position":2,"name":"Distribuci\u00f3n"}]},{"@type":"WebSite","@id":"https:\/\/serbrip.cl\/#website","url":"https:\/\/serbrip.cl\/","name":"Serbrip","description":"","potentialAction":[{"@type":"SearchAction","target":{"@type":"EntryPoint","urlTemplate":"https:\/\/serbrip.cl\/?s={search_term_string}"},"query-input":{"@type":"PropertyValueSpecification","valueRequired":true,"valueName":"search_term_string"}}],"inLanguage":"es"}]}},"_links":{"self":[{"href":"https:\/\/serbrip.cl\/index.php\/wp-json\/wp\/v2\/pages\/270","targetHints":{"allow":["GET"]}}],"collection":[{"href":"https:\/\/serbrip.cl\/index.php\/wp-json\/wp\/v2\/pages"}],"about":[{"href":"https:\/\/serbrip.cl\/index.php\/wp-json\/wp\/v2\/types\/page"}],"author":[{"embeddable":true,"href":"https:\/\/serbrip.cl\/index.php\/wp-json\/wp\/v2\/users\/1"}],"replies":[{"embeddable":true,"href":"https:\/\/serbrip.cl\/index.php\/wp-json\/wp\/v2\/comments?post=270"}],"version-history":[{"count":2,"href":"https:\/\/serbrip.cl\/index.php\/wp-json\/wp\/v2\/pages\/270\/revisions"}],"predecessor-version":[{"id":289,"href":"https:\/\/serbrip.cl\/index.php\/wp-json\/wp\/v2\/pages\/270\/revisions\/289"}],"wp:attachment":[{"href":"https:\/\/serbrip.cl\/index.php\/wp-json\/wp\/v2\/media?parent=270"}],"curies":[{"name":"wp","href":"https:\/\/api.w.org\/{rel}","templated":true}]}}